 + m - 7243. Is j composite?
False
Suppose -5*r = t - 1657, 2341 = 3*t + 3*r - 2582. Is t composite?
False
Let l = 139 + 382. Is l composite?
False
Suppose -33*c - 17211 = -34*c. Is c a composite number?
True
Let f = 1064 + -40. Let n be 7/2 - (-3)/6. Suppose n*y - 4*r = f, 3*y + 4*r = -y + 984. Is y composite?
False
Let a be 2/(-11) + (-432)/(-198). Suppose -4*n + 7234 = a*m, -3*m - m + 9035 = 5*n. Is n composite?
False
Is 20/(-15) - (-17966)/6 prime?
False
Suppose 145 = -3*k - 2*b, -3*k + 2*b + 16 = 153. Let d = -44 - k. Is d a composite number?
False
Let s be ((-8)/20)/(1/25). Let i(q) = q + 14. Let z be i(s). Is 24792/56 - z/(-14) prime?
True
Let m(j) = j + 6. Suppose 0*r - 3*r - a + 2 = 0, -3*a = -r - 6. Is m(r) a composite number?
True
Let n(g) = g**2 + 9*g - 12. Let f be n(-10). Let p be (2/6)/(f/(-24)). Suppose -x - 2*x - 12 = -3*w, -43 = -p*w - 5*x. Is w a composite number?
False
Let x = 1724 + -493. Is x a composite number?
False
Suppose p - 7*p + 24 = 0. Suppose -3*l - 191 = -2*u, -p*u - l + 367 = -2*l. Is u a prime number?
False
Suppose -16*x = -9*x + 3304. Let u = 2033 + x. Is u prime?
False
Suppose -5*t + 0*s + 25 = 5*s, 5*t - 5*s - 5 = 0. Suppose -1064 - 2235 = -2*i - t*w, -3*w = -5*i + 8300. Is i prime?
True
Let v(f) = -f**2 - 5*f + 8. Let u be v(-6). Let g be (7/u)/(2/212). Is 4*g*(-2)/(-8) prime?
False
Let v(d) = -d**3 - 7*d**2 + 16*d - 15. Let w be v(-9). Suppose -3639 = -w*m + 774. Is m prime?
True
Let y be (908/(-16))/(2*(-3)/168). Let c = y - 583. Is c a composite number?
True
Let t = -90 + 101. Suppose 2369 = -t*b + 15580. Is b composite?
False
Let j(h) = -282*h - 5. Let d be j(-7). Let m = d + -1273. Suppose -2*n - 2*w + 500 = -m, -5*w = 5. Is n composite?
False
Let b(j) = 229*j + 20. Let q be b(7). Suppose 177*l = 180*l - q. Is l a prime number?
True
Let s(f) = 2958*f**2 + 6*f - 13. Is s(3) a prime number?
True
Let q(h) = 5*h**2 + 10*h + 5. Let j(p) = p**2 + p. Let c(s) = 4*j(s) - q(s). Let u be c(-5). Suppose -2*z + 43 + 19 = u. Is z a composite number?
False
Suppose 13*m + 6187 = 18654. Is m a prime number?
False
Suppose 0 = -4*f + l + 1486, -1854 + 9 = -5*f - 5*l. Let n be (-15)/(-6)*(-1 - -3). Suppose 0 = -n*o + f + 554. Is o prime?
False
Suppose -4*m + 0*m = 5*a - 371, -3*m + 5*a = -287. Suppose -o - m = -3*o. Is o prime?
True
Let u be (-8)/(-10)*(-10)/(-4). Suppose 3*n = -0*z + 3*z + 531, 4*n = -u*z + 720. Is n a prime number?
True
Is (18/12)/((-2)/(108196/(-3))) a prime number?
False
Suppose 0 = 5*f - 29 + 4. Let u = f - 17. Is (1188 + 3)*(-4)/u prime?
True
Is 1 + 1 - -2 - (0 + -10339) composite?
False
Let f(q) = q**3 + q**2 + 9. Let v be f(0). Suppose v*i - 10*i + 381 = 0. Is i a prime number?
False
Is (12 - 7) + -3 - -5351 a composite number?
True
Let r(n) = -n**3 + 11*n**2 - 10*n + 4. Let y be r(10). Let o = 8 + -14. Is (2532/(-18))/(y/o) composite?
False
Suppose 3*j - 10 = -583. Suppose 4*c + 4*f + 392 = 0, -5*c + c + f - 392 = 0. Let v = c - j. Is v prime?
False
Suppose -9*h = -0*h - 63. Suppose -2*g + h*g - 6805 = 0. Is g a composite number?
False
Let z = -1 + 3. Let x(d) = -d**3 + 3*d**2 - d + 1. Let p be x(z). Is 185 + p - (4 + -7) a prime number?
True
Suppose -2*v - 5 - 19 = 0. Let k = 86 + v. Is (k - 0)*40/16 prime?
False
Let d(h) = 4*h + 18. Let z be d(-9). Let s(g) = -g + 21. Is s(z) prime?
False
Is 2631 - (1 - (-1 + 1 + 3)) composite?
False
Let g(t) = 11*t**2 + 22*t + 18. Is g(15) composite?
True
Let u be 9*1*(-62)/93. Is (-3777)/3*(8 + -3 + u) a prime number?
True
Let c(t) = 23*t**3 - 8*t**2 + 4*t + 55. Is c(8) a composite number?
False
Suppose -16098 - 16681 = -4*v - 3*m, -2*m = -2*v + 16372. Is v composite?
False
Is (-1)/(-2)*115578/9 a prime number?
True
Is -2 - (-7)/(49/33061) prime?
True
Suppose 0*b - 2*b + 8 = 0, -2*l + 70306 = 3*b. Is l a prime number?
False
Let n be (12/(-18) + (-5)/(-3))/(-1). Is 17502/9 + 4/(-12)*n a prime number?
False
Let k(u) = -2*u**2 - u + 419. Let o = -96 + 96. Is k(o) prime?
True
Let h(j) = -j**3 - 5*j**2 - 4*j + 2. Let a be h(-4). Suppose -126 = -a*n - 40. Is n a composite number?
False
Suppose -2*g - 6 = -0*g. Let f(i) = 4 - 7*i - 1 - 7 + 2. Is f(g) a composite number?
False
Suppose 4*r + 4*a = 0, -3*r - 14 - 11 = -2*a. Let q be (-5 - r)*(-2)/4. Suppose 0 = 2*f - o - 15, f = -4*o + 3 - q. Is f a composite number?
False
Let r(b) be the first derivative of b**4/4 + 16*b**3/3 - 3*b**2 - 4*b + 15. Is r(-7) a composite number?
False
Let g(v) be the third derivative of 1/120*v**6 - 5/8*v**4 + 0*v - 11/60*v**5 - 1/3*v**3 + 0 + 6*v**2. Is g(13) a composite number?
True
Let j(y) = y**2 + 16*y - 9. Let l be j(-16). Let x be 7*(l/3 - -4). Suppose x*g - 2*g = 1705. Is g composite?
True
Let x(v) = v**3 + 3*v**2 + v. Let j be x(-2). Suppose -a = p - 1163, p + j*p - 3489 = 4*a. Is p a composite number?
False
Let h be -3 + 1 + -6 + 1. Is (-489)/15*(2 + h) a composite number?
False
Let h = 105 + -96. Is -1 - (51/h)/((-1)/72) a composite number?
True
Suppose 3*d = -4*x + 25935, 4*d - 25917 = d + 2*x. Is d prime?
True
Let s(y) = -y + 10. Let v be s(7). Let f be (-1)/v - 182/(-42). Is 380 + f/1 + -2 a composite number?
True
Suppose 4*p + 4250 = 2*u + 11496, -3*p + 5433 = -2*u. Suppose -2*f + 5*x = -p, -4*f + 3696 = 6*x - 2*x. Is f a composite number?
False
Let p be 2 + 4/(-5) + (-25821)/(-45). Suppose -9*o = -14*o + p. Is o a composite number?
True
Is ((-60)/(-10) - 3) + 66400 prime?
True
Let u(b) = b**2 - 6*b - 11. Let m be u(8). Let d(k) = 136*k + 25. Let l(h) = -45*h - 8. Let j(q) = 4*d(q) + 11*l(q). Is j(m) a composite number?
False
Is 1 + -1 - (-4 - (5 + 5722)) composite?
True
Suppose 0 = -0*r - 3*r + 4*a - 8, -3*r - 5*a = -10. Let x(k) = -k**3 + k**2 + 2*k + 289. Is x(r) composite?
True
Let r(t) be the third derivative of -13*t**4/24 + t**3/6 + 4*t**2. Is r(-4) a composite number?
False
Let o(z) = -z**3 + 27*z**2 - 46*z + 67. Is o(-29) prime?
True
Let o = 3039 + -1476. Suppose 2*b + 2*v + 3*v - o = 0, 5*b = -2*v + 3960. Is b composite?
True
Suppose -m = -5*m + 13884. Let z = m + -2152. Is z composite?
False
Suppose 0 = -5*a + 5*m - 40, a - 4*m + 11 + 6 = 0. Let j = a - -7. Suppose -3*r - w = j*r - 71, r + 4*w = 18. Is r a prime number?
False
Suppose 0 = -5*p + y + 84296, 3*p + 5*y - 18158 - 32414 = 0. Is p prime?
False
Let x be ((-20)/(-6))/(((-32)/6)/(-8)). Suppose 9743 = -x*w + 28968. Is w prime?
False
Suppose 15*y - 9894 = -3*u + 12*y, 2*y = 10. Is u prime?
False
Let h(d) = 82*d + 29. Is h(15) prime?
True
Let y be 1/(-5) + 2196/(-45). Let t = -26 - y. Is t composite?
False
Is (-231764)/(-16) - (-1)/(-4) a composite number?
True
Let w(t) = -t. Let b(q) = -293*q**2 + 1. Let c(v) = -b(v) + 3*w(v). Is c(2) composite?
True
Suppose -102670 = -0*p - 10*p. Is p a composite number?
False
Suppose -7*x + 235523 = -406034. Is x a composite number?
True
Let t(z) = 77*z**2 + 3*z - 9. Let s be 4/(-7) + 93/(-21). Is t(s) prime?
True
Suppose 2*w + 15 = -1. Let b(d) = -2*d**3 - 19*d**2 - 17*d - 1. Let l(v) = -3*v**3 - 29*v**2 - 25*v - 2. Let t(k) = 7*b(k) - 5*l(k). Is t(w) composite?
False
Let d = 14221 + -4634. Is d prime?
True
Is 76/38*((-5462)/(-4))/1 prime?
True
Let j(q) = -q**3 + 11*q**2 + 5*q - 9. Let p be j(6). Suppose 4*s = 3*s + p. Suppose 0 = 4*t - t - s. Is t a prime number?
True
Suppose -u - 2*g + 476 = 35, -2*u + 4*g = -906. Let x = 4 - 6. Is x*(-4)/8*u a composite number?
True
Suppose 0*z - 12 = -2*z - 2*x, 5*z + x = 18. Suppose -z*p - 76 = -y, -2*y - 2*y + 346 = 2*p. Is y composite?
True
Suppose 0 = 2*c + 2*d - 8, 20 = 3*c - d + 6*d. Suppose -3*u + 0*u = c. Suppose 4*w + 2*q = 258, -10 = -u*q + 2*q. Is w a prime number?
True
Is ((-3188)/(-8))/(-2*(-6)/24) a composite number?
False
Let w be ((-42)/12)/((-2)/4). Let b = 12 - w. Suppose 6*y - 3*a = y + 5990, 6000 = b*y - 5*a. Is y composite?
True
Let b = 35 + -34. Let d be 2583 + b + -3 + 6. Is (-2)/(-3) - d/(-39) a prime number?
True
Suppose 2*j + 3*f - 1968 = 0, -3*f = -2*j - 0*j + 1968. Let s(w) = -2*w**2 - 15*w + 25. Let p be s(12). Let x = p + j. Is x composite?
False
Let j(l) = 9*l**2 - 11*l - 161. Is j(13) composite?
False
Let b(x) = 9*x + 2*x**2 - 1 - 3*x**2 - 4. Let g be b(8). Is 1*(g + -4)*-7 composite?
False
Let n(v) = -100*v + 17. Is n(-21) a prime number?
False
Let h be 4/(-28) - (-45672)/28. Let d = h - 966. Su